ime factors of 1 - q/(-6)*2?
2, 3
Suppose -10 = 3*i + f + 12, 4*i + 3*f + 36 = 0. Let h be i - -8 - (0 + 0). Suppose 3*b - 30 = -h*b. List the prime factors of b.
2, 3
Suppose 2*c = 3*c - 15. Suppose -3*d = -3*x, 3*d + x - 5 = c. Suppose d*m = -i - 0*i + 18, 0 = 4*m + 5*i - 6. What are the prime factors of m?
2
Let s = 79 + -49. List the prime factors of s.
2, 3, 5
Let b = -14 + 21. Let d(c) = -c**2 + 7*c + 2. Let s be d(b). Suppose -5*k + 0*k = -q + 25, -s*k = 5*q - 17. List the prime factors of q.
5
Suppose -2*f = 4 - 12. Let y be 2/f*(5 + -5). Suppose -15 = 3*d, 0*s - s - 2*d - 3 = y. What are the prime factors of s?
7
Suppose -2*d + 3*v + 36 = 0, -4*d = v + 6 - 50. List the prime factors of (-142)/(-6) + (-8)/d.
23
Suppose 3*q - 261 = 270. List the prime factors of q.
3, 59
Let o = 118 + -82. What are the prime factors of o?
2, 3
Let u(m) = -16*m + 32. List the prime factors of u(-8).
2, 5
Suppose -16*o - 238 = -23*o. List the prime factors of o.
2, 17
Suppose 3*l + 2*l - h - 249 = 0, 95 = 2*l - 5*h. Suppose 4*b = -0*b + 5*p + l, 2*b = -5*p + 40. List the prime factors of b.
3, 5
Let f(p) = -p**3 - 3*p**2 + 3*p + 2. List the prime factors of f(-7).
3, 59
List the prime factors of (-6)/15 + 816/15.
2, 3
List the prime factors of (2 + -12)/((-4)/8).
2, 5
Suppose 21 = 2*c - 25. List the prime factors of c.
23
Let f(k) = 4*k**2 - 17*k + 4. What are the prime factors of f(7)?
3
Suppose -4*j = -7*j + 6. Suppose 3*u = j*u + 8. What are the prime factors of u?
2
Let y be (6/9)/((-6)/(-153)). Let n = 60 - y. Let l = n - 24. What are the prime factors of l?
19
Suppose 5*a = -2 + 22. Suppose a*l - 44 = -3*h, 4*l = 2*h - 0*l - 36. List the prime factors of h.
2
Suppose 3*i = 4*i - 8. What are the prime factors of i/36 - 480/(-27)?
2, 3
Suppose 6*n + 83 = 7*n. List the prime factors of n.
83
Let c be (0/(-2) - 1)*0. Suppose -15 = -3*z - c. What are the prime factors of z?
5
Let g be (3 + 2 + -5)/2. Suppose -a + 53 - 6 = g. What are the prime factors of a?
47
Suppose -b + 4*b + 21 = 0. Let g = b + 10. Suppose 4*l - 20 = -g*d - 0*l, 3*d = -3*l + 21. List the prime factors of d.
2
What are the prime factors of 534/45 + 10/75?
2, 3
Suppose -5*f = -2*m + 246, -5*f + 2 + 8 = 0. What are the prime factors of m?
2
Suppose 2 = 4*m + 2*r, 5*m + 2*r - 5 = -1. Suppose m*p - 5*s = 40, -s = 2 + 2. List the prime factors of p.
2, 5
Let y(u) = 9 + 3*u - 7*u + 2*u. List the prime factors of y(-7).
23
Let x(n) = -2*n**3 - 4*n**2 - n + 4. Let j be x(-3). Suppose 5*d = j - 5. What are the prime factors of d?
2
Let y be 51/15 - (-2)/(-5). Suppose y = s - 0*s. List the prime factors of s.
3
Let r = 173 + -761. What are the prime factors of r/(-30) - 2/(-5)?
2, 5
Suppose -4 = -2*p - 2*p. Let k = 13 + p. Let v = k - 6. List the prime factors of v.
2
Let r(k) = 11*k**2 - 2*k + 2. What are the prime factors of r(1)?
11
Let z = 4 + -4. Suppose -3*i = -r - 2*r - 18, z = 3*i + 4*r - 32. What are the prime factors of i?
2
Let l = 46 + -20. Suppose -5*x = -l + 6. What are the prime factors of x?
2
Let j be (-3)/1*(-4 + 1). Suppose w + 5 = j. Suppose -3*x = 3*o - 21, -w*o + 12 = -2*x + 2. List the prime factors of x.
3
Suppose 3*w - w + 28 = 0. Let f = 19 + w. What are the prime factors of f?
5
Suppose 5*w - 151 = 114. List the prime factors of w.
53
Let g = -2 + -3. Let m = 8 + g. Suppose 2*v = -m*v + 25. List the prime factors of v.
5
Let t be 564/18 + 4/6. Let m = -9 + t. Let q = m + -7. What are the prime factors of q?
2
Let j = -2 - -6. Let n(m) = 3 - 1 - 5*m - m**2 - j. What are the prime factors of n(-4)?
2
Suppose -v - 18 + 1 = -4*x, 15 = 5*x + 5*v. Suppose -4*q + 20 = x. What are the prime factors of q?
2
Let n(k) = -k**2 - 3*k + 3. Let x be n(-3). Suppose -x*c = -2*c - 20. What are the prime factors of c?
2, 5
Let t(o) = -2*o + 16. Let j be t(7). Suppose 4*i - 77 = 2*i - 3*d, -4*i + 166 = j*d. List the prime factors of i.
43
What are the prime factors of 65 + (2*3 - 8/4)?
3, 23
Let g(b) = -b**2 - 10*b - 2. Let m be g(-7). Suppose 4*o - 21 = -3*y - 0*o, 2*y + o = m. What are the prime factors of y?
11
Let m = 74 - 124. Let j = m - -70. Suppose 7*p - j = 2*p. List the prime factors of p.
2
Suppose 4*f + 5*h = 257, 5*h = -0*h + 5. What are the prime factors of f?
3, 7
List the prime factors of 7/(84/208) + 2/(-6).
17
Let x(n) = -n - 9. Let s be x(-7). Let j(v) = 4*v**2 + v + 3. Let r(b) = 1. Let t(i) = j(i) - 5*r(i). What are the prime factors of t(s)?
2, 3
Suppose 2*g = -2*g + 60. List the prime factors of g.
3, 5
Suppose -4*o + 2*o + 10 = 0. List the prime factors of o.
5
Suppose 3*y + 7 = 4*y. What are the prime factors of y?
7
What are the prime factors of (-1)/(1*1/(-34))?
2, 17
Suppose 5*v = -j + 71, 4*v - 2*v - 18 = -3*j. What are the prime factors of v?
3, 5
Let v(j) be the third derivative of -j**4/12 - 2*j**3/3 + 2*j**2. Let s = -2 - 1. What are the prime factors of v(s)?
2
Let w(n) = 2*n**2 - 16*n + 1. What are the prime factors of w(9)?
19
Let u(v) = -6*v - 1. Let i be u(-2). Suppose 4*n = i - 107. Let g = 41 + n. What are the prime factors of g?
17
Let c = 393 + -111. What are the prime factors of c?
2, 3, 47
Let t(c) = 2*c + 12. Let d be t(-8). Let b = d - 0. List the prime factors of 8/b - (-13 - 1).
2, 3
Let i be 6/(-9) + (-14)/(-3). Suppose 4*c = -3*p + 20, -2*c + p - i = 6*p. What are the prime factors of c?
2
Let f = -3 - -4. Let x be f/(1*-2 + 3). Let p = 6 - x. What are the prime factors of p?
5
Let c(d) = 2*d + 12. Let p be c(-6). Suppose -5*z + p*z + 5*t + 140 = 0, 2*z - t = 53. List the prime factors of z.
5
Suppose 5*q + 2*m - 250 = 0, -3*m - 8 = -q + 25. List the prime factors of q.
2, 3
Suppose -3*k - 5*g + 10 = 0, -g + 11 = -2*k - 4. Let b(x) = -6*x + 4. Let n(r) = 5*r - 3. Let v(h) = k*n(h) - 4*b(h). What are the prime factors of v(-5)?
2
Let p(f) = 2*f + 18. Let t be p(-9). What are the prime factors of (t - 4)*(-18)/4?
2, 3
Suppose -3*p + 15 = l, 0 = -l - l - 2*p + 14. Let b be (l + -1)*138/12. Suppose 5*r + b = 68. List the prime factors of r.
3
Let b(x) = 15*x + 9. List the prime factors of b(6).
3, 11
Let w = 46 + -160. What are the prime factors of ((-3)/9)/(2/w)?
19
Let g(r) = -r**3 - 3*r - 1. List the prime factors of g(-3).
5, 7
Let f be (-3)/9*-1*21. Let t = f - -2. What are the prime factors of t?
3
Suppose 11 = -5*m + 26. Suppose 3*b - m - 3 = 0. Suppose 2*i = b + 12. What are the prime factors of i?
7
Let b = -9 - -4. Let s(v) = 6*v**2 + 1. Let g be s(-1). Let u = g - b. What are the prime factors of u?
2, 3
Let o = 7 + -19. Let y = 1 + o. Let q = 21 + y. What are the prime factors of q?
2, 5
Let m(i) = i**3 + 11*i**2 + 6*i - 2. List the prime factors of m(-10).
2, 19
Suppose -5*w - 10 = -6*w. List the prime factors of w.
2, 5
Let x be (-3 + (5 - 3))*-33. Let n be (-273)/(-11) - (-6)/x. Let f = n + -7. List the prime factors of f.
2, 3
Suppose -3364 = -12*y + 68. List the prime factors of y.
2, 11, 13
Let h(k) = 4*k - 4. Let t be h(3). Let g be (t + (0 - 0))*-1. Let m = g - -12. List the prime factors of m.
2
Let l(y) = y + 20. Suppose -42 = 3*a - 12. List the prime factors of l(a).
2, 5
Let o = -13 + 18. Suppose p - 29 = o*v, -4*p + 0*v - 3*v + 47 = 0. List the prime factors of p.
2, 7
Suppose 2*b - 3 = b. Suppose -5*k + 40 = 5*h, -4*h + 4*k - 5 = b. What are the prime factors of h?
3
Let s be 88/2 + (-28)/7. What are the prime factors of 2/(-8) + 1130/s?
2, 7
Suppose 0*z + 90 = 5*m + 2*z, -95 = -5*m - 3*z. What are the prime factors of m?
2
What are the prime factors of ((-2)/3)/((22/(-174))/11)?
2, 29
Suppose -o = 3*o - 2*g - 266, 0 = -o - g + 68. What are the prime factors of o?
67
Suppose -5*y + 4*r = -37, -6*r = -5*y - 4*r + 31. Suppose 0 = y*f - 5*u + 20, 0 = f + f + u + 5. List the prime factors of 2/f + 29/3.
3
Suppose u - 3*v - 131 = 0, 4*v - 4 - 4 = 0. What are the prime factors of u?
137
Let q = -28 + 197. List the prime factors of q.
13
Let g(r) = r**2 - 5*r - 17. What are the prime factors of g(13)?
3, 29
Suppose -2*w + 56 = 22. List the prime factors of w.
17
Suppose -5*k + 3*k = 6. What are the prime factors of 21 - ((-4)/(-1) + k)?
2, 5
Suppose a - 1 + 3 = 0. Let d = a + 4. List the prime factors of (2/4)/(d/16).
2
Let n be (-4 + 3)/(2/(-8)). Suppose -n*w = -5*w + 3. List the prime factors of w.
3
Let o be ((1 - 2